{"id":83,"date":"2016-03-09T13:32:21","date_gmt":"2016-03-09T13:32:21","guid":{"rendered":"http:\/\/www.blu-venture.de\/site\/?page_id=83"},"modified":"2026-03-31T14:35:49","modified_gmt":"2026-03-31T14:35:49","slug":"skipper-segeltraining","status":"publish","type":"page","link":"https:\/\/www.blu-venture.de\/?page_id=83","title":{"rendered":"Skipper- &#038; Segeltraining"},"content":{"rendered":"<h5><img loading=\"lazy\" decoding=\"async\" class=\"alignnone wp-image-12 \" src=\"http:\/\/www.blu-venture.de\/site\/wp-content\/uploads\/2016\/03\/Segeln-mit-Wind-Gischt-und-Welle-e1457962353723.jpg\" alt=\"Segeln mit Wind, Gischt und Welle\" width=\"437\" height=\"292\" srcset=\"https:\/\/www.blu-venture.de\/site\/wp-content\/uploads\/2016\/03\/Segeln-mit-Wind-Gischt-und-Welle-e1457962353723.jpg 640w, https:\/\/www.blu-venture.de\/site\/wp-content\/uploads\/2016\/03\/Segeln-mit-Wind-Gischt-und-Welle-e1457962353723-300x201.jpg 300w\" sizes=\"auto, (max-width: 437px) 100vw, 437px\" \/>\u00a0 <img loading=\"lazy\" decoding=\"async\" class=\"alignnone wp-image-139 \" src=\"http:\/\/www.blu-venture.de\/site\/wp-content\/uploads\/2016\/03\/P1140374-e1457962315541.jpg\" alt=\"P1140374\" width=\"466\" height=\"292\" srcset=\"https:\/\/www.blu-venture.de\/site\/wp-content\/uploads\/2016\/03\/P1140374-e1457962315541.jpg 3330w, https:\/\/www.blu-venture.de\/site\/wp-content\/uploads\/2016\/03\/P1140374-e1457962315541-300x188.jpg 300w, https:\/\/www.blu-venture.de\/site\/wp-content\/uploads\/2016\/03\/P1140374-e1457962315541-768x482.jpg 768w, https:\/\/www.blu-venture.de\/site\/wp-content\/uploads\/2016\/03\/P1140374-e1457962315541-1024x643.jpg 1024w\" sizes=\"auto, (max-width: 466px) 100vw, 466px\" \/><\/h5>\n<h5>Skipper- und Segeltraining auf Segelt\u00f6rns<\/h5>\n<p>Nach individueller Absprache ist es grunds\u00e4tzlich m\u00f6glich, jeden Segelt\u00f6rn mit einem Skippertraining zu kombinieren.<br \/>\nDie perfekte Mischung aus Urlaub, Erholung und Verbesserung der Segelkenntnisse!<\/p>\n<p>Voraussetzung ist die Komplettbuchung eines T\u00f6rns (mind. vier vollzahlende Personen) und Teilnahme der gesamten Crew (ausgenommen Kinder) am Skippertraining.<br \/>\nBei Interesse bitte die gesonderten Konditionen erfragen. Gerne informiere ich euch detaillierter oder bespreche ein individuelles Trainingsprogramm mit euch. <a href=\"mailto:toerns@blu-venture.de?Subject=Anfrage Skippertraining\" target=\"_blank\" rel=\"noopener noreferrer\">Schreibt mir<\/a>!<\/p>\n<h5><strong>Wer Interesse an Skippertrainings- und\/oder Seemeilent\u00f6rns hat, der kann sich gerne<br \/>\n<a href=\"mailto:martin@blu-venture.de\">bei mir melden<\/a><br \/>\nund wir stellen ganz individuell was zusammen.<\/strong><\/h5>\n<p>Inwischen schaut doch mal im <a href=\"https:\/\/www.blu-venture.de\/?page_id=29\">T\u00f6rnplan<\/a> vorbei!<\/p>\n<p><strong>Skipper<\/strong><br \/>\n<a href=\"http:\/\/www.blu-venture.de\/site\/?page_id=47\">Martin Ranft<\/a> war als Bootsbauer, Segellehrer- und DSV Pr\u00fcfer auf \u00fcber 100 Ausbildungst\u00f6rns aktiv. Seine Erfahrungen aus acht\u00a0Atlantik\u00fcberquerungen, Segelt\u00f6rns im Mittelmeer und der Karibik mit \u00fcber 220.000 sm gibt er nun auf Skippertrainingt\u00f6rns weiter.<\/p>\n<p><strong>Trainingsinhalte<br \/>\n<\/strong>k\u00f6nnen und sollen von den Teilnehmern bestimmt werden und orientieren sich individuell an deren\u00a0Kenntnisstand.<br \/>\nM\u00f6gliche Beispiele:<br \/>\n\u2022 Alle Arten von Motor- und Ankerman\u00f6ver<br \/>\n\u2022 Segelman\u00f6ver inkl. B\u00fcB<br \/>\n\u2022 Bedienung, Wartung und Pflege von Schiffstechnik<br \/>\n\u2022 elektronische Navigation mit Radar, SAT<br \/>\n\u2022 NavText, UKW und KW-Funk<br \/>\n\u2022 astronomische Navigation mit Sextant<\/p>\n","protected":false},"excerpt":{"rendered":"<p>Erfahrung und Wissen im Umgang mit dem Katamaran gewinnen<\/p>\n","protected":false},"author":2,"featured_media":681,"parent":0,"menu_order":0,"comment_status":"closed","ping_status":"closed","template":"","meta":{"sfsi_plus_gutenberg_text_before_share":"","sfsi_plus_gutenberg_show_text_before_share":"","sfsi_plus_gutenberg_icon_type":"","sfsi_plus_gutenberg_icon_alignemt":"","sfsi_plus_gutenburg_max_per_row":"","footnotes":""},"class_list":["post-83","page","type-page","status-publish","has-post-thumbnail","hentry"],"_links":{"self":[{"href":"https:\/\/www.blu-venture.de\/index.php?rest_route=\/wp\/v2\/pages\/83","targetHints":{"allow":["GET"]}}],"collection":[{"href":"https:\/\/www.blu-venture.de\/index.php?rest_route=\/wp\/v2\/pages"}],"about":[{"href":"https:\/\/www.blu-venture.de\/index.php?rest_route=\/wp\/v2\/types\/page"}],"author":[{"embeddable":true,"href":"https:\/\/www.blu-venture.de\/index.php?rest_route=\/wp\/v2\/users\/2"}],"replies":[{"embeddable":true,"href":"https:\/\/www.blu-venture.de\/index.php?rest_route=%2Fwp%2Fv2%2Fcomments&post=83"}],"version-history":[{"count":30,"href":"https:\/\/www.blu-venture.de\/index.php?rest_route=\/wp\/v2\/pages\/83\/revisions"}],"predecessor-version":[{"id":3757,"href":"https:\/\/www.blu-venture.de\/index.php?rest_route=\/wp\/v2\/pages\/83\/revisions\/3757"}],"wp:featuredmedia":[{"embeddable":true,"href":"https:\/\/www.blu-venture.de\/index.php?rest_route=\/wp\/v2\/media\/681"}],"wp:attachment":[{"href":"https:\/\/www.blu-venture.de\/index.php?rest_route=%2Fwp%2Fv2%2Fmedia&parent=83"}],"curies":[{"name":"wp","href":"https:\/\/api.w.org\/{rel}","templated":true}]}}