{"id":67,"date":"2016-03-09T13:29:56","date_gmt":"2016-03-09T13:29:56","guid":{"rendered":"http:\/\/www.blu-venture.de\/site\/?page_id=67"},"modified":"2023-01-19T20:04:38","modified_gmt":"2023-01-19T20:04:38","slug":"bordgepflogenheiten","status":"publish","type":"page","link":"https:\/\/www.blu-venture.de\/?page_id=67","title":{"rendered":"Bordleben"},"content":{"rendered":"<p><img loading=\"lazy\" decoding=\"async\" class=\"alignnone wp-image-640\" src=\"http:\/\/www.blu-venture.de\/site\/wp-content\/uploads\/2016\/03\/Segelsetzen_DSC01797.jpg\" alt=\"Segelsetzen_DSC01797\" width=\"423\" height=\"317\" srcset=\"https:\/\/www.blu-venture.de\/site\/wp-content\/uploads\/2016\/03\/Segelsetzen_DSC01797.jpg 450w, https:\/\/www.blu-venture.de\/site\/wp-content\/uploads\/2016\/03\/Segelsetzen_DSC01797-300x225.jpg 300w\" sizes=\"auto, (max-width: 423px) 100vw, 423px\" \/>&nbsp;&nbsp; <img loading=\"lazy\" decoding=\"async\" class=\"alignnone wp-image-107\" src=\"http:\/\/www.blu-venture.de\/site\/wp-content\/uploads\/2016\/03\/Gro\u00dfsegel-setzten-auf-Katamran-VAVA-U-e1457960446883.jpg\" alt=\"Gro\u00dfsegel setzten auf Katamran VAVA-U\" width=\"454\" height=\"317\" srcset=\"https:\/\/www.blu-venture.de\/site\/wp-content\/uploads\/2016\/03\/Gro\u00dfsegel-setzten-auf-Katamran-VAVA-U-e1457960446883.jpg 2356w, https:\/\/www.blu-venture.de\/site\/wp-content\/uploads\/2016\/03\/Gro\u00dfsegel-setzten-auf-Katamran-VAVA-U-e1457960446883-300x210.jpg 300w, https:\/\/www.blu-venture.de\/site\/wp-content\/uploads\/2016\/03\/Gro\u00dfsegel-setzten-auf-Katamran-VAVA-U-e1457960446883-768x537.jpg 768w, https:\/\/www.blu-venture.de\/site\/wp-content\/uploads\/2016\/03\/Gro\u00dfsegel-setzten-auf-Katamran-VAVA-U-e1457960446883-1024x716.jpg 1024w\" sizes=\"auto, (max-width: 454px) 100vw, 454px\" \/><\/p>\n<p>An Bord der VAVA-U sind wir eine Crew. Wir segeln zusammen und packen gemeinsam an. Sicher findet jeder Aufgaben, die ihm Freude machen. In den amtlichen Papieren seid ihr f\u00fcr den Reisezeitraum sogar ganz offiziell Teil der Crew.&nbsp;Daher werden wir uns gegenseitig unterst\u00fctzen und bei den an Bord anfallenden Arbeiten alle gemeinsam zupacken.<\/p>\n<p>Unser Ziel ist es, die gemeinsamen Stunden unseres T\u00f6rns so sch\u00f6n wie m\u00f6glich zu gestalten und<br \/>\ndie Erholung in den Vordergrund zu stellen \u2013 die Seele baumeln zu lassen!<br \/>\nWir geniessen die polynesische oder s\u00fcdl\u00e4ndische Ruhe und Gelassenheit, bummeln \u00fcber M\u00e4rkte und kaufen ein um<br \/>\ngemeinsam an Bord zu kochen. Nat\u00fcrlich gehen wir auch landestypisch Essen.<\/p>\n<p>Schwimmen, schnorcheln, entspannen und es sich einfach gut gehen lassen &#8211; das macht einen Urlaubst\u00f6rn auf VAVA-U aus.<\/p>\n<p>VAVA-U ist ein Nichtraucherschiff.<br \/>\nMit der entsprechenden R\u00fccksicht auf andere T\u00f6rnteilnehmer und das Schiff ist Rauchen im Au\u00dfenbereich an der Leeseite jedoch kein Problem.<\/p>\n","protected":false},"excerpt":{"rendered":"<p>&nbsp;&nbsp; An Bord der VAVA-U sind wir eine Crew. Wir segeln zusammen und packen gemeinsam an. Sicher findet jeder Aufgaben, die ihm Freude machen. In den amtlichen Papieren seid ihr f\u00fcr den Reisezeitraum sogar ganz offiziell Teil der Crew.&nbsp;Daher werden<\/p>\n","protected":false},"author":2,"featured_media":0,"parent":0,"menu_order":0,"comment_status":"closed","ping_status":"closed","template":"","meta":{"sfsi_plus_gutenberg_text_before_share":"","sfsi_plus_gutenberg_show_text_before_share":"","sfsi_plus_gutenberg_icon_type":"","sfsi_plus_gutenberg_icon_alignemt":"","sfsi_plus_gutenburg_max_per_row":"","footnotes":""},"class_list":["post-67","page","type-page","status-publish","hentry"],"_links":{"self":[{"href":"https:\/\/www.blu-venture.de\/index.php?rest_route=\/wp\/v2\/pages\/67","targetHints":{"allow":["GET"]}}],"collection":[{"href":"https:\/\/www.blu-venture.de\/index.php?rest_route=\/wp\/v2\/pages"}],"about":[{"href":"https:\/\/www.blu-venture.de\/index.php?rest_route=\/wp\/v2\/types\/page"}],"author":[{"embeddable":true,"href":"https:\/\/www.blu-venture.de\/index.php?rest_route=\/wp\/v2\/users\/2"}],"replies":[{"embeddable":true,"href":"https:\/\/www.blu-venture.de\/index.php?rest_route=%2Fwp%2Fv2%2Fcomments&post=67"}],"version-history":[{"count":22,"href":"https:\/\/www.blu-venture.de\/index.php?rest_route=\/wp\/v2\/pages\/67\/revisions"}],"predecessor-version":[{"id":3593,"href":"https:\/\/www.blu-venture.de\/index.php?rest_route=\/wp\/v2\/pages\/67\/revisions\/3593"}],"wp:attachment":[{"href":"https:\/\/www.blu-venture.de\/index.php?rest_route=%2Fwp%2Fv2%2Fmedia&parent=67"}],"curies":[{"name":"wp","href":"https:\/\/api.w.org\/{rel}","templated":true}]}}