{"id":29,"date":"2016-03-09T13:18:28","date_gmt":"2016-03-09T13:18:28","guid":{"rendered":"http:\/\/www.blu-venture.de\/site\/?page_id=29"},"modified":"2026-03-31T14:36:47","modified_gmt":"2026-03-31T14:36:47","slug":"toernplan","status":"publish","type":"page","link":"https:\/\/www.blu-venture.de\/?page_id=29","title":{"rendered":"T\u00f6rnplan"},"content":{"rendered":"\n<h2 class=\"wp-block-heading\">Leider gibt es keine T\u00f6rns mehr mit VAVA-U.<\/h2>\n\n\n\n<p>Aber Ihr k\u00f6nnt mich gerne mal auf meinem Hausboot in Frankreich besuchen.<br>Infos dazu findet Ihr <a href=\"http:\/\/martin-hausboot.de\" target=\"_blank\" rel=\"noreferrer noopener\">hier<\/a> oder Ihr besucht meinen <a href=\"http:\/\/blog.blu-venture.de\" data-type=\"link\" data-id=\"blog.blu-venture.de\" target=\"_blank\" rel=\"noreferrer noopener\">Blog<\/a><\/p>\n\n\n\n<p>Ab und an chartere ich privat selber einen Kat.<br>Zum Beispiel in der S\u00fcdsee, Griechenland oder im indischen Ozean<br>um mit Freunden und Bekanten Spa\u00df am Segeln zu haben.<br><\/p>\n\n\n\n<ul class=\"wp-block-list\">\n<li>Da sind manchmal Pl\u00e4tze frei <\/li>\n\n\n\n<li>aktuell auch auf meinem <a href=\"https:\/\/www.martin-hausboot.de\/\" target=\"_blank\" rel=\"noreferrer noopener\">Hausboot VLINDER<\/a> von Ende April bis Ende August 2026<\/li>\n\n\n\n<li>aktuell im Herbst in <a href=\"https:\/\/www.blu-venture.de\/?page_id=3712\" data-type=\"page\" data-id=\"3712\" target=\"_blank\" rel=\"noreferrer noopener\">Griechenland 2026<\/a><\/li>\n\n\n\n<li>und 2027 Segeln und Safari Sansibar<a href=\"https:\/\/www.blu-venture.de\/?page_id=3742\" data-type=\"page\" data-id=\"3742\" target=\"_blank\" rel=\"noreferrer noopener\">siehe hier<\/a><\/li>\n<\/ul>\n\n\n\n<p>Tragt Euch doch einfach in meinen <a href=\"mailto:toerns@blu-venture.de?Subject=Anmeldung Newsletter\">Newsletterverteiler<\/a> ein<br>und seid immer aktuell informiert.<br><\/p>\n\n\n\n<h4 class=\"wp-block-heading\" id=\"tornhistorie-mit-katamaran-vava-u-seit-2013\">T\u00f6rnhistorie mit Katamaran VAVA-U seit 2013<\/h4>\n\n\n\n<p id=\"block-8b4e6027-b7fb-4986-8d8f-6206b2bf16a7\">\n<table id=\"tablepress-15\" class=\"tablepress tablepress-id-15 tablepress-responsive\">\n<thead>\n<tr class=\"row-1 odd\">\n\t<th class=\"column-1\">Segeltage gesamt seit 2013<\/th><th class=\"column-2\">Anzahl durchgef\u00fchrte T\u00f6rns seit 2013<\/th><th class=\"column-3\">Seetage (Nachtfahrten) gesamt seit 2013<\/th><th class=\"column-4\">zur\u00fcckgelegte Seemeilen seit 2013<\/th><th class=\"column-5\">Anzahl Mitsegler seit 2013<\/th><th class=\"column-6\">&nbsp;<\/th><th class=\"column-7\">&nbsp;<\/th><th class=\"column-8\">&nbsp;<\/th><th class=\"column-9\">&nbsp;<\/th>\n<\/tr>\n<\/thead>\n<tbody class=\"row-hover\">\n<tr class=\"row-2 even\">\n\t<td class=\"column-1\">2967<\/td><td class=\"column-2\">175<\/td><td class=\"column-3\">359<\/td><td class=\"column-4\">82894<\/td><td class=\"column-5\">743<\/td><td class=\"column-6\"><\/td><td class=\"column-7\"><\/td><td class=\"column-8\"><\/td><td class=\"column-9\"><\/td>\n<\/tr>\n<\/tbody>\n<\/table>\n<!-- #tablepress-15 from cache --><br>Ausf\u00fchrliche Infos mit Links zu den dazugeh\u00f6rigen T\u00f6rnblogs findet ihr <a href=\"http:\/\/www.blu-venture.de\/site\/?page_id=2641\">hier<\/a>!<\/p>\n\n\n\n<p><\/p>\n\n\n\n<p><\/p>\n\n\n\n<p><\/p>\n","protected":false},"excerpt":{"rendered":"<p>Leider gibt es keine T\u00f6rns mehr mit VAVA-U. Aber Ihr k\u00f6nnt mich gerne mal auf meinem Hausboot in Frankreich besuchen.Infos dazu findet Ihr hier oder Ihr besucht meinen Blog Ab und an chartere ich privat selber einen Kat.Zum Beispiel in<\/p>\n","protected":false},"author":2,"featured_media":0,"parent":0,"menu_order":0,"comment_status":"closed","ping_status":"closed","template":"page-templates\/contact.php","meta":{"sfsi_plus_gutenberg_text_before_share":"","sfsi_plus_gutenberg_show_text_before_share":"","sfsi_plus_gutenberg_icon_type":"","sfsi_plus_gutenberg_icon_alignemt":"","sfsi_plus_gutenburg_max_per_row":"","footnotes":""},"class_list":["post-29","page","type-page","status-publish","hentry"],"_links":{"self":[{"href":"https:\/\/www.blu-venture.de\/index.php?rest_route=\/wp\/v2\/pages\/29","targetHints":{"allow":["GET"]}}],"collection":[{"href":"https:\/\/www.blu-venture.de\/index.php?rest_route=\/wp\/v2\/pages"}],"about":[{"href":"https:\/\/www.blu-venture.de\/index.php?rest_route=\/wp\/v2\/types\/page"}],"author":[{"embeddable":true,"href":"https:\/\/www.blu-venture.de\/index.php?rest_route=\/wp\/v2\/users\/2"}],"replies":[{"embeddable":true,"href":"https:\/\/www.blu-venture.de\/index.php?rest_route=%2Fwp%2Fv2%2Fcomments&post=29"}],"version-history":[{"count":145,"href":"https:\/\/www.blu-venture.de\/index.php?rest_route=\/wp\/v2\/pages\/29\/revisions"}],"predecessor-version":[{"id":3758,"href":"https:\/\/www.blu-venture.de\/index.php?rest_route=\/wp\/v2\/pages\/29\/revisions\/3758"}],"wp:attachment":[{"href":"https:\/\/www.blu-venture.de\/index.php?rest_route=%2Fwp%2Fv2%2Fmedia&parent=29"}],"curies":[{"name":"wp","href":"https:\/\/api.w.org\/{rel}","templated":true}]}}