{"id":188,"date":"2016-03-09T16:18:49","date_gmt":"2016-03-09T16:18:49","guid":{"rendered":"http:\/\/www.blu-venture.de\/site\/?page_id=188"},"modified":"2021-10-20T02:40:18","modified_gmt":"2021-10-20T02:40:18","slug":"faqs","status":"publish","type":"page","link":"https:\/\/www.blu-venture.de\/?page_id=188","title":{"rendered":"FAQs"},"content":{"rendered":"\n<h5 class=\"wp-block-heading\">Anreise<\/h5>\n\n\n\n<div class=\"sp-wrap sp-wrap-default\">\n<div class=\"sp-head\" title=\"Erweitern\">\nWie finde ich VAVA-U am Abfahrtsort?\n<\/div>\n<div class=\"sp-body folded\">\n<p>Der aktuelle Liegeplatz steht entweder im <a href=\"http:\/\/www.blu-venture.de\/site\/?page_id=45\">Blog<\/a> oder ist unter &#8220;<a href=\"http:\/\/www.blu-venture.de\/site\/?page_id=51\">aktuelle Position<\/a>&#8221; zu finden.<br \/>\nBitte schickt mir ein paar Tage vor Anreise eure genauen Ankunftsdaten und eure Handynummer. So kann ich euch den genauen Liegeplatz mitteilen und euch bei kurzfristigen \u00c4nderungen Bescheid geben.<\/p>\n<\/div>\n<\/div>\n\n\n\n\n<div class=\"sp-wrap sp-wrap-default\">\n<div class=\"sp-head\" title=\"Erweitern\">\nWie ist die Anreise zu VAVA-U organisiert?\n<\/div>\n<div class=\"sp-body folded\">\n<p>Die Anreise ist selbst zu organsieren. Gerne bin ich bei der Planung behilflich und gebe Tipps zur kosteng\u00fcnstigen Anreise.<br \/>\nEin Transfer vom und zum Flughafen kann nach Absprache unter Umst\u00e4nden organisiert werden.<\/p>\n<\/div>\n<\/div>\n\n\n\n\n<div class=\"sp-wrap sp-wrap-default\">\n<div class=\"sp-head\" title=\"Erweitern\">\nWer hilft mir bei der Flugbuchung?\n<\/div>\n<div class=\"sp-body folded\">\n<p>Generell m\u00fcsst Ihr Eure Fl\u00fcge bitte selber organisieren. Im Internet gibt es viele Angebote. Wenn Ihr da nicht so fit seid, lasst Euch von Sonja \u00fcber das <a href=\"http:\/\/www.urlaub-fernweh.de\" target=\"_blank\" rel=\"noopener noreferrer\">urlaub-fernweh.de<\/a> Internetreiseb\u00fcro oder von <a href=\"https:\/\/www.yachtpoolflights.de\/\" target=\"_blank\" rel=\"noopener noreferrer\">Yachtpool-Flightservice<\/a> helfen .<\/p>\n<\/div>\n<\/div>\n\n\n\n\n<div class=\"sp-wrap sp-wrap-default\">\n<div class=\"sp-head\" title=\"Erweitern\">\nWann ist Check-in?\n<\/div>\n<div class=\"sp-body folded\">\n<p>Check-in ist am Tag des T\u00f6rnbeginns ab 16 Uhr.<\/p>\n<\/div>\n<\/div>\n\n\n\n\n<div class=\"sp-wrap sp-wrap-default\">\n<div class=\"sp-head\" title=\"Erweitern\">\nWann ist Check-out?\n<\/div>\n<div class=\"sp-body folded\">\n<p>Check-out ist am Tag des T\u00f6rnendes bis 10 Uhr. Wir kommen bereits am Vortag bis ca. 15\/16 Uhr im Ankunfthafen\/Ort an.<br \/>\nEin R\u00fcckflug am Tag des T\u00f6rnendes kann also ohne Probleme gebucht werden. <\/p>\n<\/div>\n<\/div>\n\n\n\n\n<div class=\"sp-wrap sp-wrap-default\">\n<div class=\"sp-head\" title=\"Erweitern\">\nKann ich fr\u00fcher anreisen oder sp\u00e4ter abreisen?\n<\/div>\n<div class=\"sp-body folded\">\n<p>In Ausnahmef\u00e4llen und nach Absprache gibt es gegebenenfalls die M\u00f6glichkeit\u00a0 am Tag vor T\u00f6rnbeginn anzureisen bzw. eine Verl\u00e4ngerungsnacht zu buchen. Bitte fragt hierf\u00fcr vorher an. Die Konditionen hierzu findet ihr <a href=\"http:\/\/www.blu-venture.de\/site\/?page_id=65\">hier bei den Preiszuschl\u00e4gen<\/a><\/p>\n<\/div>\n<\/div>\n\n\n\n\n<h5 class=\"wp-block-heading\">Teilnahme<\/h5>\n\n\n\n<div class=\"sp-wrap sp-wrap-default\">\n<div class=\"sp-head\" title=\"Erweitern\">\nWie viele G\u00e4ste sind maximal an Bord?\n<\/div>\n<div class=\"sp-body folded\">\n<p>In den zwei G\u00e4stekabinen haben jeweils zwei Personen Platz.<br \/>\nAuf Wunsch und nach Absprache aller T\u00f6rnteilnehmer kann die Bugkabine mit drei Personen belegt werden. Hier steht neben einem Doppelbett (2,00&#215;1,60 m) auch ein Einzelbett (2,00&#215;0,75 m) zur Verf\u00fcgung. Somit sind normalerweise 4, maximal 5 G\u00e4ste an Bord..<\/p>\n<\/div>\n<\/div>\n\n\n\n\n<div class=\"sp-wrap sp-wrap-default\">\n<div class=\"sp-head\" title=\"Erweitern\">\nBieten sich die Segelt\u00f6rns f\u00fcr Alleinreisende an?\n<\/div>\n<div class=\"sp-body folded\">\n<p>Alleinreisende sind herzlich willkommen. Es gibt die M\u00f6glichkeit eine Kabine mit zwei Einzelbetten mit einer weiteren Person zu teilen oder bei einem Preisaufschlag von 100% eine Doppelkabine alleine zu nutzen.<\/p>\n<\/div>\n<\/div>\n\n\n\n\n<div class=\"sp-wrap sp-wrap-default\">\n<div class=\"sp-head\" title=\"Erweitern\">\nSind die T\u00f6rns auch f\u00fcr Kinder geeignet?\n<\/div>\n<div class=\"sp-body folded\">\n<p>Kinder sind herzlich willkommen an Bord. Ein Katamaran ist im Gegensatz zu Einrumpf-Yachten ein sehr stabil im Wasser liegendes Schiff. Er ger\u00e4t kaum in Schr\u00e4glage und bietet auf und unter Deck auch bei etwas unruhiger See gen\u00fcgend sicheren R\u00fcckzugsraum. In Buchten vor Anker ist er eine ideale Badeinsel.<\/p>\n<p>Damit euren Kindern w\u00e4hrend der t\u00e4glichen Segelzeit nicht langweilig wird, solltet ihr ausreichend Spiele dabei haben. Beim Spielen im Wasser sollten Maske, Schnorchel und Flossen ebenso wenig fehlen wie B\u00e4lle oder Tauchringe und falls erforderlich passende Schwimmhilfen.<br \/>\nWir haben zwei Kinderschwimmwesten an Bord.<\/p>\n<p>\u00dcberf\u00fchrungst\u00f6rns und Atlantik\u00fcberquerung\/Pazifikpassagen sind eher nicht f\u00fcr Kinder geeignet &#8211; nicht aus Gr\u00fcnden der Sicherheit, sondern wegen Langeweile. <\/p>\n<\/div>\n<\/div>\n\n\n\n\n<div class=\"sp-wrap sp-wrap-default\">\n<div class=\"sp-head\" title=\"Erweitern\">\nWie viel Segelerfahrung muss ich haben?\n<\/div>\n<div class=\"sp-body folded\">\n<p>F\u00fcr die Teilnahme an Urlaubst\u00f6rns m\u00fcsst ihr keine Segelerfahrung mitbringen. Alles Wichtige wird vor T\u00f6rnbeginn erkl\u00e4rt und es gibt Einweisungen in alle wichtigen T\u00e4tigkeiten die es zum Segeln braucht.<\/p>\n<p>F\u00fcr die Teilnahme an Seemeilent\u00f6rns sollten Grundkenntnisse im Segeln vorhanden sein. Seid ihr euch bei der Einsch\u00e4tzung eurer F\u00e4higkeiten nicht sicher, fragt gerne bei mir nach.<\/p>\n<\/div>\n<\/div>\n\n\n\n\n<div class=\"sp-wrap sp-wrap-default\">\n<div class=\"sp-head\" title=\"Erweitern\">\n Gibt es besondere Teilnahmevoraussetzungen?\n<\/div>\n<div class=\"sp-body folded\">\n<p>Grunds\u00e4tzlich gibt es keine bestimmten Teilnahmevoraussetzungen. Schwimmen solltet ihr k\u00f6nnen. Au\u00dferdem solltet ihr gesund und bei Kr\u00e4ften sein. Teilnehmer, die gesundheitliche Probleme haben und\/oder in ihrer Beweglichkeit eingeschr\u00e4nkt sind m\u00fcssen mich vor der Buchung unbedingt kontaktieren.<\/p>\n<p>Weitere Details k\u00f6nnt ihr in den <a href=\"http:\/\/www.blu-venture.de\/site\/?page_id=69\">AGB<\/a> nachlesen.<\/p>\n<\/div>\n<\/div>\n\n\n\n\n<h5 class=\"wp-block-heading\">Mitbringen<\/h5>\n\n\n\n<div class=\"sp-wrap sp-wrap-default\">\n<div class=\"sp-head\" title=\"Erweitern\">\nWas muss ich mitbringen?\n<\/div>\n<div class=\"sp-body folded\">\n<p>Hier findet ihr eine praktische <a href=\"http:\/\/www.blu-venture.de\/site\/wp-content\/uploads\/2016\/03\/170303_urlaubscheckliste.pdf\" target=\"_blank\" rel=\"noopener noreferrer\">Checkliste<\/a> die euch das Packen erleichtern soll.<\/p>\n<\/div>\n<\/div>\n\n\n\n\n<div class=\"sp-wrap sp-wrap-default\">\n<div class=\"sp-head\" title=\"Erweitern\">\nWie viel Gep\u00e4ck kann ich mitbringen?\n<\/div>\n<div class=\"sp-body folded\">\n<p>Es gibt keine Beschr\u00e4nkungen bei der Mitnahme von Gep\u00e4ck. Rucks\u00e4cke und Reisetaschen sind ideal. Hartschalenkoffer oder sperrige Gep\u00e4ckst\u00fccke bitte nicht mitbringen da sie nicht verstaut werden k\u00f6nnen.<br \/>\nSondergep\u00e4ck wie beispielsweise Surfbretter oder Kitesurf-Equipement bitte vorher anfragen.<\/p>\n<\/div>\n<\/div>\n\n\n\n\n<div class=\"sp-wrap sp-wrap-default\">\n<div class=\"sp-head\" title=\"Erweitern\">\nMuss ich Bettw\u00e4sche und Handt\u00fccher mitbringen?\n<\/div>\n<div class=\"sp-body folded\">\n<p>Bettw\u00e4sche mit Kopfkissen und leichter Sommerdecke und ein Badetuch als Sitzpolsterunterlage werden gestellt. Bringt aber bitte Badehandt\u00fccher selbst mit. Wer an Deck schlafen m\u00f6chte sollte seinen eigenen Schlafsack dabei haben, damit die Bettw\u00e4sche Salzfrei bleibt.<\/p>\n<\/div>\n<\/div>\n\n\n\n\n<div class=\"sp-wrap sp-wrap-default\">\n<div class=\"sp-head\" title=\"Erweitern\">\nWie ist VAVA-U ausgestattet?\n<\/div>\n<div class=\"sp-body folded\">\n<p>Eine genaue Schiffsbeschreibung mit allem was es an Bord gibt findet ihr <a href=\"http:\/\/www.blu-venture.de\/site\/?page_id=49\">hier<\/a>.<\/p>\n<\/div>\n<\/div>\n\n\n\n\n<div class=\"sp-wrap sp-wrap-default\">\n<div class=\"sp-head\" title=\"Erweitern\">\nWie ist die Bordk\u00fcche ausgestattet?\n<\/div>\n<div class=\"sp-body folded\">\n<p>Die Pantry verf\u00fcgt \u00fcber K\u00fchl- und Tiefk\u00fchlschrank, Herd und Gasofen, sowie eine Sp\u00fclmaschine. Ein Kaffeevollautomat bereitet uns Cappuccino, Latte Machiatto und andere Kaffeespezialit\u00e4ten zu. Es ist ein Grundtock an Gew\u00fcrzen, \u00d6l, etc. sowie Putzmitteln vorhanden.<\/p>\n<\/div>\n<\/div>\n\n\n\n\n<div class=\"sp-wrap sp-wrap-default\">\n<div class=\"sp-head\" title=\"Erweitern\">\nGibt es WLAN?\n<\/div>\n<div class=\"sp-body folded\">\n<p>In K\u00fcstenn\u00e4he und H\u00e4fen gibt es meist und manchmal auch in Buchten kostenfreies WLAN. Das k\u00f6nnen wir \u00fcber die Bordantenne empfangen und \u00fcber den VAVA-U Bord-Hotspot gemeinsam nutzen.<\/p>\n<\/div>\n<\/div>\n\n\n\n\n<div class=\"sp-wrap sp-wrap-default\">\n<div class=\"sp-head\" title=\"Erweitern\">\nGibt es immer 230-Volt-Strom an Bord von VAVA-U?\n<\/div>\n<div class=\"sp-body folded\">\n<p>VAVA-U ist mit einem leistungsstarken 230V\/7,5KW Generator , Solarzellen und Ladewechselrichter ausgestattet.<br \/>\nF\u00fcr die Nutzung und das Laden aller elektrischen Ger\u00e4te steht gen\u00fcgend Strom zur Verf\u00fcgung. Die Ladeger\u00e4te f\u00fcr eure Handys, Fotoapparate usw. m\u00fcsst ihr selber mitbringen.<\/p>\n<\/div>\n<\/div>\n\n\n\n\n<div class=\"sp-wrap sp-wrap-default\">\n<div class=\"sp-head\" title=\"Erweitern\">\nWelche Aktivit\u00e4ten gibt es an Bord?\n<\/div>\n<div class=\"sp-body folded\">\n<p>Es gibt ein umfangreiches Angebot an <a href=\"https:\/\/www.blu-venture.de\/?page_id=511\">Wassersportger\u00e4ten<\/a>, die kostenfrei genutzt werden k\u00f6nnen. Au\u00dferdem haben wir eine kleine Bordbibliothek und Gesellschaftsspiele. Zudem k\u00f6nnt ihr euch f\u00fcr Landausfl\u00fcge zwei Klappr\u00e4der ausleihen.<\/p>\n<\/div>\n<\/div>\n\n\n\n\n<div class=\"sp-wrap sp-wrap-default\">\n<div class=\"sp-head\" title=\"Erweitern\">\nGibt es Schnorchel- oder Tauchausr\u00fcstung?\n<\/div>\n<div class=\"sp-body folded\">\n<p>Wir haben einige Flossen, Masken und Schnorchel an Bord, die jeder gerne benutzen kann. Besser ist sicherlich jedoch die eigene Ausr\u00fcstung, da die Sammlung nicht komplett und f\u00fcr jeden passend ist.<br \/>\nEs gibt drei komplette Tauchausr\u00fcstungen (Tarierweste, Flasche, Automat) und einen Kompressor. Tauchg\u00e4nge geh\u00f6ren nicht zu den Inklusivleitungen. <a href=\"http:\/\/www.blu-venture.de\/site\/?page_id=65\">Weitere Details<\/a>.<\/p>\n<\/div>\n<\/div>\n\n\n\n\n<div class=\"sp-wrap sp-wrap-default\">\n<div class=\"sp-head\" title=\"Erweitern\">\nKann W\u00e4sche gewaschen werden?\n<\/div>\n<div class=\"sp-body folded\">\n<p>Eine Waschmaschine steht zur kostenfreien Nutzung zur Verf\u00fcgung. Dazu muss jedoch der Generator laufen.<\/p>\n<\/div>\n<\/div>\n\n\n\n\n<div class=\"sp-wrap sp-wrap-default\">\n<div class=\"sp-head\" title=\"Erweitern\">\nGibt es Schwimmwesten an Bord?\n<\/div>\n<div class=\"sp-body folded\">\n<p>Es ist f\u00fcr jeden T\u00f6rnteilnehmer eine hochseetaugliche Automatik-Schwimmweste mit Reflektorstreifen inklusive Spritzschutzhaube, Lampe und Pfeife vorhanden. Dar\u00fcber hinaus gibt es Lifebelts und Reserveschwimmwesten.<br \/>\nF\u00fcr Kinder sind zwei Schwimmwesten an Bord. <\/p>\n<\/div>\n<\/div>\n\n\n\n\n<h5 class=\"wp-block-heading\">Bordleben<\/h5>\n\n\n\n<div class=\"sp-wrap sp-wrap-default\">\n<div class=\"sp-head\" title=\"Erweitern\">\nDarf an Bord geraucht werden?\n<\/div>\n<div class=\"sp-body folded\">\n<p>Die \u201eVAVA-U\u201c ist ein Nichtraucherschiff.<br \/>\nWenn ihr auf der Leeseite, meistens am Heck raucht, und dabei R\u00fccksicht auf den Rest der Crew und das Schiff nehmt, sollte Rauchen aber kein Problem sein.<\/p>\n<\/div>\n<\/div>\n\n\n\n\n<div class=\"sp-wrap sp-wrap-default\">\n<div class=\"sp-head\" title=\"Erweitern\">\n Welche Verpflegung gibt es?\n<\/div>\n<div class=\"sp-body folded\">\n<p>Auf dem Schiff versorgen wir uns selbst. Zu T\u00f6rnbeginn machen wir einen Gro\u00dfeinkauf und f\u00fcllen die &#8220;Speisekammer&#8221;, sowie K\u00fchl- und Gefrierschrank. So geht w\u00e4hrend des T\u00f6rns keine Zeit f\u00fcr weitere gro\u00dfe Eink\u00e4ufe verlohren. Unterwegs bei Landg\u00e4ngen nutzen wir die M\u00f6glichkeit immer wieder frische Lebensmitteln, oft auf M\u00e4rkten, nachzukaufen. Nat\u00fcrlich werden wir auch Essen gehen und die landestypische K\u00fcche genie\u00dfen.<\/p>\n<\/div>\n<\/div>\n\n\n\n\n<div class=\"sp-wrap sp-wrap-default\">\n<div class=\"sp-head\" title=\"Erweitern\">\nWird alles in der Gruppe unternommen?\n<\/div>\n<div class=\"sp-body folded\">\n<p>Gesegelt wird gemeinsam. Da packt jeder so gut mit an, wie er kann. Aber wenn wir vor Anker liegen k\u00f6nnt ihr gerne alleine Landausfl\u00fcge unternehmen. Daf\u00fcr k\u00f6nnt ihr euch auch gerne die zwei Klappr\u00e4der leihen. An Bord der VAVU-U gibt es auch diverse Wassersportger\u00e4te. Ihr k\u00f6nnt also nicht nur baden, sondern auch schnorcheln, Wasserski fahren und vieles mehr.<\/p>\n<\/div>\n<\/div>\n\n\n\n\n<div class=\"sp-wrap sp-wrap-default\">\n<div class=\"sp-head\" title=\"Erweitern\">\nMuss ich mich aktiv am Segeln beteiligen?\n<\/div>\n<div class=\"sp-body folded\">\n<p>Ja, aber keine Angst, so anstrengend ist das nicht. Je nachdem welchen T\u00f6rn ihr gebucht habt, machen wir mehr oder weniger Man\u00f6ver. Bei Urlaubst\u00f6rns geht es dabei meist gem\u00fctlich zu: Anker stauen, Fender einholen, Segelsetzen und die eine oder andere Wende und dann nat\u00fcrlich irgendwann wieder Segel einholen und vor Anker gehen. Wenn ihr wollt, k\u00f6nnen wir nach Absprache, nat\u00fcrlich auch etwas sportlicher segeln.<br \/>\nWenn ihr jedoch einen Seemeilent\u00f6rn oder ein Skippertraining gebucht habt, wollt ihr ja m\u00f6glichst viel lernen und f\u00fcr euch mitnehmen. Da solltet ihr dann schon mitanpacken wollen.<br \/>\nSiehe bitte auch die Rubrik Bordleben mit <a href=\"http:\/\/www.blu-venture.de\/site\/?page_id=67\">weiteren Details<\/a>.<\/p>\n<\/div>\n<\/div>\n\n\n\n\n<h5 class=\"wp-block-heading\">Kosten<\/h5>\n\n\n\n<div class=\"sp-wrap sp-wrap-default\">\n<div class=\"sp-head\" title=\"Erweitern\">\nWas ist die Bordkasse?\n<\/div>\n<div class=\"sp-body folded\">\n<p>Aus der Bordkasse werden Lebensmittel und sonstige Kosten bezahlt, die auf dem T\u00f6rn anfallen und alle Teilnehmer betreffen. Au\u00dfer dem Skipper zahlen alle T\u00f6rnteilnehmer zu gleichen Teilen ein.<br \/>\nF\u00fcr Kinder wird nach Absprache ein geringerer Anteil vereinbart.<br \/>\nSiehe auch bei Inklusivleistungen\/Nebenkosten mit <a href=\"http:\/\/www.blu-venture.de\/site\/?page_id=65\">weiteren Details<\/a>.<\/p>\n<\/div>\n<\/div>\n\n\n\n\n<div class=\"sp-wrap sp-wrap-default\">\n<div class=\"sp-head\" title=\"Erweitern\">\nWann gibt es Preisnachl\u00e4sse?\n<\/div>\n<div class=\"sp-body folded\">\n<p>Eine Liste der Preisnachl\u00e4sse findet ihr <a href=\"http:\/\/www.blu-venture.de\/site\/?page_id=65\">hier<\/a>.<\/p>\n<\/div>\n<\/div>\n\n\n\n\n<div class=\"sp-wrap sp-wrap-default\">\n<div class=\"sp-head\" title=\"Erweitern\">\nFallen Nebenkosten an?\n<\/div>\n<div class=\"sp-body folded\">\n<p>Nebenkosten sind alle Kosten, die nicht im T\u00f6rnpreis enthalten sind (siehe <a href=\"http:\/\/www.blu-venture.de\/site\/?page_id=69\">AGB<\/a>). Dazu geh\u00f6ren die pers\u00f6nlichen An-und Abreisekosten, Transfers, evtl. Hotel\u00fcbernachtungen, Reiser\u00fccktrittsversicherung, Auslandskrankenversicherung und eventuelle sportliche, kulturelle oder \u00e4hnliche Aktivit\u00e4ten, sowie die von allen Teilnehmern (exklusive Skipper) zu gleichen Teilen getragenen Ausgaben, wie Motorstunden und Endreinigung. <a href=\"http:\/\/www.blu-venture.de\/site\/?page_id=65\">Weitere Details<\/a><\/p>\n<\/div>\n<\/div>\n\n\n\n\n<div class=\"sp-wrap sp-wrap-default\">\n<div class=\"sp-head\" title=\"Erweitern\">\nFallen Geb\u00fchren f\u00fcr eine Endreinigung an?\n<\/div>\n<div class=\"sp-body folded\">\n<p> Ja, es f\u00e4llt eine Geb\u00fchr an.<br \/>\nSiehe Inklusivleistungen\/Nebenkosten mit <a href=\"http:\/\/www.blu-venture.de\/site\/?page_id=65\">weiteren Details<\/a>. <\/p>\n<\/div>\n<\/div>\n\n\n\n\n<div class=\"sp-wrap sp-wrap-default\">\n<div class=\"sp-head\" title=\"Erweitern\">\nK\u00f6nnen gebuchte T\u00f6rns storniert oder umgebucht werden oder kann ein Ersatzteilnehmer gestellt werden?\n<\/div>\n<div class=\"sp-body folded\">\n<p>Bitte sieh dir die Regelung hierzu in den <a href=\"http:\/\/www.blu-venture.de\/site\/?page_id=69\">AGB<\/a> an.<\/p>\n<\/div>\n<\/div>\n\n\n\n\n<div class=\"sp-wrap sp-wrap-default\">\n<div class=\"sp-head\" title=\"Erweitern\">\nMuss bei T\u00f6rnbeginn eine Kaution hinterlegt werden?\n<\/div>\n<div class=\"sp-body folded\">\n<p> Nein, ich gehe jedoch davon aus, dass eventuelle Sch\u00e4den, die am Schiff und\/oder Ausr\u00fcstung durch Euch pers\u00f6hnlich entstehen, diese ersetzt werden.<br \/>\nEine private Haftpflichtversicherung ist empfehlenswert.<\/p>\n<\/div>\n<\/div>\n\n\n\n\n<h5 class=\"wp-block-heading\">Sonstiges<\/h5>\n\n\n\n<div class=\"sp-wrap sp-wrap-default\">\n<div class=\"sp-head\" title=\"Erweitern\">\nGibt es Satellitentelefon oder Seefunk auf VAVA-U?\n<\/div>\n<div class=\"sp-body folded\">\n<p>Es gibt ein UKW-Seefunkger\u00e4t und einen KW-Grenzwellen-Seefunkger\u00e4t. Au\u00dferdem gibt es ein Iridium-Satellitentelefon. \u00dcber diese k\u00f6nnen im begrenztem Umfang E-Mails versendet und empfangen werden.<br \/>\nF\u00fcr die Kommunikation untereinander haben wir zwei Paar mobile, wasserfeste UKW-Seefunk-Handfunkger\u00e4te. <\/p>\n<\/div>\n<\/div>\n\n\n\n\n<div class=\"sp-wrap sp-wrap-default\">\n<div class=\"sp-head\" title=\"Erweitern\">\nFunktionieren unsere Handys au\u00dferhalb der EU?\n<\/div>\n<div class=\"sp-body folded\">\n<p>Normalerweise ja. Informiert euch zur Sicherheit bitte bei eurem Mobilfunkprovider, checkt dabei unbedingt auch die Kosten.<\/p>\n<\/div>\n<\/div>\n\n\n\n\n<div class=\"sp-wrap sp-wrap-default\">\n<div class=\"sp-head\" title=\"Erweitern\">\nWie ist die Bordsprache?\n<\/div>\n<div class=\"sp-body folded\">\n<p>Normalerweise wird an Bord deutsch gesprochen, nat\u00fcrlich sind aber auch gerne englischsprachige Mitsegler willkommen.<\/p>\n<\/div>\n<\/div>\n\n\n\n\n<div class=\"sp-wrap sp-wrap-default\">\n<div class=\"sp-head\" title=\"Erweitern\">\nWie ist das Wetter im T\u00f6rngebiet?\n<\/div>\n<div class=\"sp-body folded\">\n<p>Dazu findet ihr sicher ausreichend Informationen im Internet.<\/p>\n<\/div>\n<\/div>\n\n\n\n\n<div class=\"sp-wrap sp-wrap-default\">\n<div class=\"sp-head\" title=\"Erweitern\">\nVerf\u00fcgt VAVA-U \u00fcber eine Notfallapotheke?\n<\/div>\n<div class=\"sp-body folded\">\n<p>Einige Medikamente, Verbandszeug und Erste-Hilfe-Materialien sind in ausreichender Menge vorhanden. Pers\u00f6nliche Medikamente bitte in ausreichender Menge unbedingt selbst von zu Hause mitbringen.<br \/>\nDenkt bitte daran, dass nicht \u00fcberall die M\u00f6glichkeit besteht spezielle Medikamente nachzukaufen.<\/p>\n<\/div>\n<\/div>\n\n\n\n<p>\n<div class=\"sp-wrap sp-wrap-default\">\n<div class=\"sp-head\" title=\"Erweitern\">\nWas hilft bei Seekrankheit?\n<\/div>\n<div class=\"sp-body folded\">\n<p>Es gibt verschiedene Mittel gegen Seekrankheit. Manche m\u00fcssen bereits vor Reiseantritt genommen werden, andere wirken auch noch, wenn die Seekrankheit schon eingesetzt hat.<br \/>\nHier einige Beispiele f\u00fcr Mittel gegen See- und Reisekrankheit:<\/p>\n<ul>\n<li>Zintona: Kapseln auf Ingwerbasis, die den Magen beruhigen sollen. Nebenwirkungen sind nicht bekannt.<\/li>\n<li>Itinerol B6: Kapseln vom Schweizer Pharmahersteller VIFOR, die den Magen beruhigen sollen. Nebenwirkungen sind nicht bekannt.<\/li>\n<li>DRAMAMIN: Tabletten erh\u00e4ltlich in der Apotheke, die mir von einem Arzt empfohlen wurden.<\/li>\n<li>Ingwer: Die Wurzeln kann man roh kauen oder kleingeschnitten in warmem Wasser wie Tee ziehen lassen und dann in kleinen Mengen trinken. Ein 100%iges Naturprodukt, das bereits die alten Seefahrer nutzten.<\/li>\n<li>Reisekrankheits-Pflaster (\u201eSCOPODERM TTS\u201c): Die Pflaster enthalten oft Atropin oder \u00e4hnliche Wirkstoffe, welche u.a. die Durchblutung des Innenohres f\u00f6rdern und dadurch gegen Seekrankheit wirken.<\/li>\n<li>Druckband: Wird am Handgelenk getragen und \u00fcbt Druck auf einen Akkupressurpunkt aus. Haben viele Yachties und wird auch in Krankenh\u00e4usern in Aufwachr\u00e4umen eingesetzt.<\/li>\n<li>Kaugummis gegen Reisekrankheit: Was da genau drin ist, kann ich nicht sagen (soll aber recht gut helfen, auch noch kurz vor dem \u2026. jedenfalls habe ich das schon mal erlebt).<\/li>\n<li>Siehe auch <a href=\"https:\/\/www.pharmawiki.ch\/wiki\/index.php?wiki=Reisekrankheit\" target=\"_blank\" rel=\"noopener noreferrer\">PharmaWiki.ch zu Reisekrankheit (Seekrankheit)<\/a><br \/>\n<\/div>\n<\/div>\n<br \/>\n\n\n\n<div class=\"sp-wrap sp-wrap-default\">\n<div class=\"sp-head\" title=\"Erweitern\">\nIst gen\u00fcgend S\u00fc\u00dfwasser an Bord der VAVA-U?\n<\/div>\n<div class=\"sp-body folded\">\n<p>Es gibt zwei Tanks mit insgesamt \u00fcber 2000 Litern S\u00fc\u00dfwasservorrat. Zus\u00e4tzlich hat die VAVA-U einen 230V\/2,5KW-Wassermacher der 150 Liter Trinkwasser pro Stunde erzeugen kann. Hierzu muss der Generator in Betrieb sein.<\/p>\n<\/div>\n<\/div>\n\n","protected":false},"excerpt":{"rendered":"<p>Anreise Teilnahme Mitbringen Bordleben Kosten Sonstiges<\/p>\n","protected":false},"author":2,"featured_media":0,"parent":0,"menu_order":0,"comment_status":"closed","ping_status":"closed","template":"","meta":{"sfsi_plus_gutenberg_text_before_share":"","sfsi_plus_gutenberg_show_text_before_share":"","sfsi_plus_gutenberg_icon_type":"","sfsi_plus_gutenberg_icon_alignemt":"","sfsi_plus_gutenburg_max_per_row":"","footnotes":""},"class_list":["post-188","page","type-page","status-publish","hentry"],"_links":{"self":[{"href":"https:\/\/www.blu-venture.de\/index.php?rest_route=\/wp\/v2\/pages\/188","targetHints":{"allow":["GET"]}}],"collection":[{"href":"https:\/\/www.blu-venture.de\/index.php?rest_route=\/wp\/v2\/pages"}],"about":[{"href":"https:\/\/www.blu-venture.de\/index.php?rest_route=\/wp\/v2\/types\/page"}],"author":[{"embeddable":true,"href":"https:\/\/www.blu-venture.de\/index.php?rest_route=\/wp\/v2\/users\/2"}],"replies":[{"embeddable":true,"href":"https:\/\/www.blu-venture.de\/index.php?rest_route=%2Fwp%2Fv2%2Fcomments&post=188"}],"version-history":[{"count":68,"href":"https:\/\/www.blu-venture.de\/index.php?rest_route=\/wp\/v2\/pages\/188\/revisions"}],"predecessor-version":[{"id":3498,"href":"https:\/\/www.blu-venture.de\/index.php?rest_route=\/wp\/v2\/pages\/188\/revisions\/3498"}],"wp:attachment":[{"href":"https:\/\/www.blu-venture.de\/index.php?rest_route=%2Fwp%2Fv2%2Fmedia&parent=188"}],"curies":[{"name":"wp","href":"https:\/\/api.w.org\/{rel}","templated":true}]}}